 a = -14 - q. Suppose 0 = -0*b + 5*b - a. What is the greatest common divisor of b and 15?
5
Suppose -10 = -3*k - 31. Let p = -4 - k. Calculate the highest common divisor of 27 and p.
3
Suppose -24*h + 6170 - 170 = 0. What is the greatest common factor of 2 and h?
2
Suppose -4*y + 4*a = 40 - 296, -3*y - 5*a = -208. What is the greatest common factor of y and 22?
22
Let x = 68 - -13. Let z = 85 - x. Let o be 1/(-2) + 17/2. Calculate the greatest common divisor of z and o.
4
Suppose 4*o = -n + 280, -4*n + 1096 = -3*o + 7*o. What is the greatest common divisor of n and 16?
16
Suppose -28*i + 41072 = -11*i. What is the greatest common divisor of 16 and i?
16
Let k(m) = -2*m**3 - 64*m**2 + 2*m + 106. Let q be k(-32). Calculate the greatest common divisor of 51 and q.
3
Let h = 82 + -83. Let r be h/(2/(-105)) + (-7)/14. What is the greatest common factor of r and 4?
4
Let w(x) = 8 + 4*x + 4*x - 6 - 20. Let o(p) = -4*p + 9. Let v(u) = -7*o(u) - 3*w(u). Let b be v(5). Calculate the greatest common factor of b and 77.
11
Let u be (-116)/6*21/(-14). Let f = u - 29. Suppose f = 2*r - 3*r + 9. Calculate the greatest common divisor of r and 36.
9
Let n = -815 + 1049. What is the highest common divisor of 54 and n?
18
Suppose -31 - 404 = -5*n + 5*g, -3*n - 2*g + 276 = 0. Calculate the greatest common factor of n and 576.
18
Let w be 30 + 3 + (0 - 3). Let r(q) = -46*q**2 - q**3 - 17 - 3 - 2*q + 26*q**2. Let s be r(-20). What is the highest common factor of s and w?
10
Let a(h) = 8*h + 267. Let f be a(-29). What is the highest common divisor of 4 and f?
1
Let n = 1256 - 1232. Let p(m) = 11*m**2 + 5*m - 4. Let a be p(4). What is the greatest common factor of a and n?
24
Let c(a) = a**2 + 4*a + 5. Let m be c(-7). Suppose 4*x = 3*x + 130. What is the highest common divisor of m and x?
26
Let z be (-4)/(-6) + 7/21. Let n be (-255)/(-12) - -5 - z/4. Calculate the highest common divisor of n and 234.
26
Suppose -24*v + 20*v = -756. What is the highest common divisor of v and 21?
21
Let o be (-15)/(2 + 1 - 4). Let h = 20 - o. Suppose 4*v + 60 = h*v. Calculate the highest common factor of v and 90.
30
Suppose 37*x = -9*x + 2300. Calculate the highest common divisor of x and 170.
10
Let v be 16/(-2) + 5/(-5). Let c be v + 175 + (-2 - -1). Suppose -2*f = -f, 5*f - 45 = -3*a. Calculate the highest common factor of a and c.
15
Let b = 10 + -7. Suppose -5*t + 45 + 35 = c, -3*t - 4*c + 65 = 0. What is the greatest common divisor of b and t?
3
Let z = 317 + -209. Calculate the greatest common divisor of 1836 and z.
108
Suppose -8*h - 1 + 1 = 0. Let p(b) = -b**3 + b + 6. Let l be p(h). What is the greatest common factor of 42 and l?
6
Let k be 19 - (0 + -4)/(-4). Let j be 40/(-6)*(-27)/k. What is the greatest common factor of j and 10?
10
Let d be 65 - -3*10/(-30). Calculate the greatest common divisor of d and 800.
32
Let d be 7 - (20/(-6))/(50/(-75)). What is the greatest common factor of 162 and d?
2
Let i = 151 + -130. What is the greatest common factor of i and 1113?
21
Suppose -5*q - r + 320 = 0, q - r + 7 = 71. What is the greatest common factor of q and 32?
32
Let s(z) = -z**3 - 12*z**2 + 17*z + 100. Let n be s(-13). Suppose -12 = -w - w. What is the greatest common divisor of n and w?
6
Let t be (7 - 1)*14/4. Let h be 3/(-2) + 1 - 2286/(-36). Calculate the highest common divisor of h and t.
21
Suppose 2*a - 180 = 3*n + 4, 0 = -2*a - 2*n + 174. Suppose 7 = 4*p - a. What is the greatest common divisor of 84 and p?
12
Let b(f) = 4*f + 1. Let j(v) = v + 9. Let n be j(-5). Suppose -a - 3 = 0, -a - 3*a - 32 = -n*h. Let k be b(h). What is the greatest common factor of k and 3?
3
Suppose 5 = s - 1. Let t be (10/35)/((-1)/(-7)). Let j = 4 + t. Calculate the highest common factor of s and j.
6
Let l(j) = 19*j + 2. Let p be l(-1). Let i = 101 + p. Calculate the greatest common divisor of i and 12.
12
Let b(z) = z**2 + 29*z + 225. Let l be b(-11). Let f(t) = -t**3 - 6*t**2 + 7*t + 9. Let u be f(-7). What is the highest common factor of l and u?
9
Suppose -7*t + 24*t = 1224. What is the greatest common divisor of 8 and t?
8
Let p = -108 - -164. Suppose -4*k - 4*n - 33 + 185 = 0, k = 5*n + p. Calculate the greatest common factor of 205 and k.
41
Let z(o) = o**3 + 4*o**2 - 2*o - 4. Let x be z(-4). Let a = 9 + -12. Let s = x + a. Calculate the highest common factor of s and 11.
1
Suppose -3*m - 150 = -13*m. What is the greatest common divisor of m and 65?
5
Suppose 14*i - 18 = 10. Suppose -3*h - i*o = h - 60, -3*h - 2*o + 45 = 0. Calculate the greatest common divisor of 105 and h.
15
Let k = -82 - -101. Calculate the highest common factor of k and 209.
19
Let z be 1/((-1)/(-12) - 4/16). Let q be 15*(z + 8 - -3). Suppose -100 = -3*n - 10. Calculate the highest common divisor of q and n.
15
Let b = 10 + -5. Suppose -d = -0*j + 4*j + b, 5*d = -3*j - 8. Let q be (-114)/(-2) - d - -2. What is the greatest common divisor of q and 20?
20
Let b be (-22)/(-99) - 322/(-9). Suppose -14*i = -11*i - b. Suppose 5*o = -j + 98, -4*j + 2*o + 436 = -0*j. What is the highest common divisor of j and i?
12
Suppose -237 - 643 = -5*s. What is the highest common factor of s and 220?
44
Let q(y) = 6*y**2 - 11*y - 47. Let d be q(11). What is the highest common divisor of d and 9?
9
Let b be -3 - (-2 + 2 + -5 + 0). What is the highest common factor of b and 27?
1
Let f be (8/5)/(2/40). What is the highest common factor of 6 and f?
2
Suppose -53*b + 11874 + 369 = 0. What is the greatest common divisor of b and 165?
33
Suppose 5*a - 297 = -237. What is the greatest common factor of a and 90?
6
Suppose 2*m - 612 = -m. Suppose -3*i - m = i. Let p = i - -78. What is the highest common divisor of 9 and p?
9
Let h(q) be the first derivative of q**4/4 - q**3 - 4*q - 2. Let b be h(4). What is the highest common factor of b and 96?
12
Let s = -19 - -25. Let w be 6/s*12/(-2). Let q = w + 71. Calculate the greatest common factor of 13 and q.
13
Let j(t) = -2*t**3 - 8*t**2 - 11*t - 6. Let x be j(-4). Suppose -4*z + 14 + x = 0. What is the greatest common factor of z and 52?
13
Let x be ((-14)/4)/((-17)/(-34)). Let j(f) = -f**3 - 4*f**2 + 19*f - 10. Let o be j(x). What is the highest common divisor of 32 and o?
4
Suppose 4*p - 3*y = 105, -y = 5*p - 2*y - 145. What is the greatest common factor of p and 90?
30
Let y(o) = o**2 - 11*o + 23. Let i = 45 + -34. Let m be y(i). Let l = 238 - 123. Calculate the highest common factor of m and l.
23
Suppose -4*l = 5*i - 41, -4 + 10 = 2*i - l. Suppose 4*k + 3 + i = 0, 4*n - 46 = -3*k. Let x = 78 + -52. Calculate the greatest common factor of n and x.
13
Suppose 17 = 4*j + c + 4*c, 0 = j - 5*c - 23. Calculate the greatest common factor of j and 696.
8
Let s(v) = 3*v**2 + 11*v + 20. Let o be s(-4). What is the highest common factor of 9 and o?
3
Suppose -2*l - 22 = -2*n, 0 = -2*n + 4*l - 11 + 35. Suppose 6*x + 26 = 4*q + x, 3*q = -2*x + 8. What is the greatest common factor of n and q?
2
Let y = 274 - 268. Suppose 3*o - 2*q = 24, 0*q + q = 5*o - 33. What is the highest common factor of o and y?
6
Suppose -b + 1 = -54. Let u be 224/22 - ((-60)/b)/(-6). What is the greatest common divisor of 2 and u?
2
Suppose -3*u = -5*w - 2, u - w = w. Calculate the greatest common factor of 4 and u.
4
Let f = 162 + 24. Calculate the highest common divisor of 806 and f.
62
Suppose 0 = -d - 5, 41 = -a + d - 13. Let o = -25 - a. What is the greatest common factor of o and 85?
17
Let b = 901 + -637. Suppose 0*f + q - 81 = 3*f, -135 = 5*f + 4*q. Let g = f + 51. Calculate the greatest common factor of b and g.
24
Let m(k) = -k**2 + 22*k + 23. Let f be m(17). What is the highest common divisor of f and 96?
12
Let f be (70/15)/((-5)/180). Let m = f + 171. Let n be (-34)/(-10) - (-2)/(-5). Calculate the highest common divisor of m and n.
3
Suppose 0 = -68*s + 12443 - 1223. What is the greatest common divisor of s and 594?
33
Let z(s) = 1 - 1 - 2 + 5*s - 3. Suppose 0 = 2*h - 0*y - 4*y - 24, 4*h + 2*y + 2 = 0. Let x be z(h). Calculate the greatest common factor of 1 and x.
1
Suppose 5*t + 17 = -8. Let c = t + 11. Let w(h) = -2*h**3 - 32*h**2 - 43*h - 1267. Let u be w(-17). What is the highest common factor of u and c?
6
Suppose -3152 = -30*f + 3988. Calculate the greatest common factor of 136 and f.
34
Supp